t are the prime factors of 78844?
2, 23, 857
What are the prime factors of 1349?
19, 71
What are the prime factors of 2935?
5, 587
List the prime factors of 1411.
17, 83
List the prime factors of 1592.
2, 199
What are the prime factors of 3396?
2, 3, 283
What are the prime factors of 1948?
2, 487
What are the prime factors of 28422?
2, 3, 1579
List the prime factors of 1023.
3, 11, 31
List the prime factors of 26615.
5, 5323
List the prime factors of 1364.
2, 11, 31
What are the prime factors of 78255?
3, 5, 37, 47
What are the prime factors of 7652?
2, 1913
List the prime factors of 197.
197
List the prime factors of 2253.
3, 751
List the prime factors of 88079.
88079
What are the prime factors of 19419?
3, 6473
What are the prime factors of 14475?
3, 5, 193
List the prime factors of 54133.
54133
List the prime factors of 2876.
2, 719
What are the prime factors of 4237?
19, 223
What are the prime factors of 4542?
2, 3, 757
What are the prime factors of 1052?
2, 263
What are the prime factors of 292?
2, 73
List the prime factors of 2172.
2, 3, 181
What are the prime factors of 117115?
5, 59, 397
What are the prime factors of 2212?
2, 7, 79
List the prime factors of 726.
2, 3, 11
What are the prime factors of 378?
2, 3, 7
What are the prime factors of 36590?
2, 5, 3659
What are the prime factors of 1599?
3, 13, 41
What are the prime factors of 135750?
2, 3, 5, 181
What are the prime factors of 9136?
2, 571
What are the prime factors of 26946?
2, 3, 499
What are the prime factors of 1454?
2, 727
What are the prime factors of 47044?
2, 19, 619
What are the prime factors of 41601?
3, 7, 283
What are the prime factors of 3802?
2, 1901
What are the prime factors of 58474?
2, 13, 173
What are the prime factors of 26361?
3, 29, 101
What are the prime factors of 1667?
1667
List the prime factors of 15992.
2, 1999
List the prime factors of 56816.
2, 53, 67
What are the prime factors of 4244?
2, 1061
List the prime factors of 7017.
3, 2339
What are the prime factors of 35937?
3, 11
List the prime factors of 24512.
2, 383
What are the prime factors of 1075?
5, 43
What are the prime factors of 2499?
3, 7, 17
What are the prime factors of 25714?
2, 13, 23, 43
What are the prime factors of 1744?
2, 109
What are the prime factors of 11617?
11617
List the prime factors of 1205.
5, 241
List the prime factors of 1711.
29, 59
List the prime factors of 124833.
3, 41611
List the prime factors of 5434.
2, 11, 13, 19
List the prime factors of 1849.
43
List the prime factors of 162841.
7, 43, 541
What are the prime factors of 7481?
7481
What are the prime factors of 5456?
2, 11, 31
List the prime factors of 689.
13, 53
List the prime factors of 21708.
2, 3, 67
List the prime factors of 19153.
107, 179
List the prime factors of 798.
2, 3, 7, 19
List the prime factors of 13718.
2, 19
What are the prime factors of 302?
2, 151
What are the prime factors of 7194?
2, 3, 11, 109
What are the prime factors of 95?
5, 19
What are the prime factors of 3421?
11, 311
What are the prime factors of 14103?
3, 1567
List the prime factors of 9144.
2, 3, 127
What are the prime factors of 1728?
2, 3
What are the prime factors of 132?
2, 3, 11
What are the prime factors of 92478?
2, 3, 15413
What are the prime factors of 1883?
7, 269
List the prime factors of 6011.
6011
List the prime factors of 1251.
3, 139
What are the prime factors of 51989?
7, 1061
What are the prime factors of 2184?
2, 3, 7, 13
What are the prime factors of 1504?
2, 47
What are the prime factors of 30229?
19, 37, 43
List the prime factors of 590.
2, 5, 59
List the prime factors of 989.
23, 43
What are the prime factors of 66518?
2, 79, 421
List the prime factors of 75513.
3, 25171
What are the prime factors of 7565?
5, 17, 89
List the prime factors of 4050.
2, 3, 5
List the prime factors of 18161.
11, 13, 127
List the prime factors of 21754.
2, 73, 149
List the prime factors of 24093.
3, 2677
What are the prime factors of 6337?
6337
List the prime factors of 5817.
3, 7, 277
What are the prime factors of 2585?
5, 11, 47
List the prime factors of 196.
2, 7
List the prime factors of 6097.
7, 13, 67
List the prime factors of 9002.
2, 7, 643
List the prime factors of 3019.
3019
List the prime factors of 28517.
28517
List the prime factors of 13402.
2, 6701
What are the prime factors of 3070?
2, 5, 307
What are the prime factors of 2906?
2, 1453
List the prime factors of 19645.
5, 3929
List the prime factors of 11334.
2, 3, 1889
List the prime factors of 106391.
106391
List the prime factors of 50359.
50359
List the prime factors of 7497.
3, 7, 17
List the prime factors of 1858.
2, 929
What are the prime factors of 32?
2
List the prime factors of 816.
2, 3, 17
List the prime factors of 5284.
2, 1321
What are the prime factors of 586?
2, 293
What are the prime factors of 196?
2, 7
What are the prime factors of 1822?
2, 911
List the prime factors of 1419.
3, 11, 43
What are the prime factors of 90711?
3, 10079
What are the prime factors of 3051?
3, 113
List the prime factors of 30901.
13, 2377
List the prime factors of 4902.
2, 3, 19, 43
List the prime factors of 753.
3, 251
List the prime factors of 103020.
2, 3, 5, 17, 101
List the prime factors of 1294.
2, 647
List the prime factors of 168767.
71, 2377
What are the prime factors of 20775?
3, 5, 277
What are the prime factors of 23247?
3, 7, 41
List the prime factors of 1091.
1091
What are the prime factors of 17570?
2, 5, 7, 251
What are the prime factors of 22735?
5, 4547
List the prime factors of 64.
2
List the prime factors of 720.
2, 3, 5
List the prime factors of 12200.
2, 5, 61
What are the prime factors of 1410?
2, 3, 5, 47
What are the prime factors of 2468?
2, 617
List the prime factors of 32716.
2, 8179
List the prime factors of 4014.
2, 3, 223
List the prime factors of 111.
3, 37
List the prime factors of 71.
71
What are the prime factors of 1342?
2, 11, 61
What are the prime factors of 138413?
11, 12583
List the prime factors of 1974.
2, 3, 7, 47
What are the prime factors of 115821?
3, 17, 757
List the prime factors of 167190.
2, 3, 5, 5573
List the prime factors of 10520.
2, 5, 263
List the prime factors of 336.
2, 3, 7
What are the prime factors of 705?
3, 5, 47
List the prime factors of 73508.
2, 17, 23, 47
What are the prime factors of 4122?
2, 3, 229
List the prime factors of 3695.
5, 739
What are the prime factors of 1736?
2, 7, 31
List the prime factors of 1696.
2, 53
List the prime factors of 5465.
5, 1093
List the prime factors of 10806.
2, 3, 1801
List the prime factors of 4902.
2, 3, 19, 43
List the prime factors of 3713.
47, 79
What are the prime factors of 1932?
2, 3, 7, 23
What are the prime factors of 1536?
2, 3
What are the prime factors of 296?
2, 37
List the prime factors of 1451.
1451
What are the prime factors of 81234?
2, 3, 4513
What are the prime factors of 58603?
58603
List the prime factors of 1061.
1061
List the prime factors of 27560.
2, 5, 13, 53
What are the prime factors of 1054?
2, 17, 31
List the prime factors of 127102.
2, 103, 617
What are the prime factors of 3206?
2, 7, 229
What are the prime factors of 689?
13, 53
List the prime factors of 2433.
3, 811
List the prime factors of 33472.
2, 523
List the prime factors of 25767.
3, 7, 409
List the prime factors of 2007.
3, 223
What are the prime factors of 650?
2, 5, 13
What are the prime factors of 155?
5, 31
What are the prime factors of 58765?
5, 7, 23, 73
List the prime factors of 3694.
2, 1847
What are the prime factors of 11055?
3, 5, 11, 67
What are the prime factors of 19775?
5, 7, 113
List the prime factors of 5031.
3, 13, 43
List the prime factors of 2173.
41, 53
List the prime factors of 17431.
17431
List the prime factors of 18195.
3, 5, 1213
List the prime factors of 103818.
2, 3, 11, 13
List the prime factors of 52909.
157, 337
What are the prime factors of 19932?
2, 3, 11, 151
What are the prime factors of 3030?
2, 3, 5, 101
What are the prime factors of 524?
2, 131
What are the prime factors of 1846?
2, 13, 71
What are the prime factors of 826?
2, 7, 59
List the prime factors of 94724.
2, 7, 17, 199
What are the prime factors of 629?
17, 37
What are the prime factors of 22428?
2, 3, 7, 89
What are the prime factors of 9499?
7, 23, 59
List the prime factors 